 (181 - 63) - (-3 + 7))
-99
What is the value of (1 - -78) + (-19 - ((5 - 18) + -8))?
81
What is the value of (2 - 20) + (24 - -3 - (126 - 108))?
-9
What is 3205 - 3152 - (-16 - 0)?
69
What is the value of (8 - (-13 - -81 - -8 - 0)) + 11?
-57
What is -132 + -155 + 288 + -25?
-24
What is the value of -2 + (9 - 9) - (-3 - (0 - 81) - -11)?
-91
What is 55 + -1 - (1 + -19 + 20)?
52
55 - 1 - (-4986 - -5047) - (-46 - (0 - 1))
38
What is the value of (-1853 - -1839) + -25 + 0 - (-6 + 1)?
-34
What is the value of (1 - -35) + -1490 + 1443?
-11
Evaluate (-238 - -222) + (-41 - -6) + 7.
-44
6 - (-7 - (-12 + -9 + 16))
8
-3 + 1 + (1 - 17) - (3716 - 3761)
27
Evaluate 56 + -31 - -3 - (10 - -3).
15
Calculate 45 + (14 - (10 - (-3 - 21))).
25
Evaluate -51 + -20 + (42 - (24 - 19)).
-34
What is 14 + -10 + (-6 - -7 - 117) + 66 + -56?
-102
What is the value of -206 - -318 - (-4 + 200)?
-84
What is (-4 - (-8 - 11)) + -3?
12
Evaluate 0 - (146 - (114 - 8)).
-40
What is the value of 75 + (33 - (3 - -4) - 27) + 1 + 2?
77
Evaluate (-4 - (-3 + (-4 - (4 + -9))) - -47) + -1.
44
Evaluate 56 + 1 + 0 + -75 + 32 + 31.
45
-29 + 50 - -42 - -22
85
What is -10 + -1 - (3 - 10) - 4 - (38 - -11)?
-57
Evaluate 22 + -4 + (-28 - -4) + 7 + 0 + 0.
1
Evaluate (-9 - (2 - -2)) + (27 - 24) + -10.
-20
What is -415 + 396 + (-1 - -6 - 7 - -88)?
67
Evaluate -2 - -49 - (118 - (55 + 60)).
44
Evaluate (-10 - -41) + -19 - -28.
40
Calculate -56 - (8 - 55 - 20).
11
-4 - (31 - 16 - 45 - (-12 + -1))
13
What is -5 + -2 + 32 - ((44 - 83) + 28)?
36
38 + -11 + 10 + -63
-26
(50 - 1 - -2) + 3 - (701 + -690) - -10
53
Evaluate (0 - -109) + (-92 + 73 - -4) + 17.
111
What is the value of 30 + (-20 - -39) + -54?
-5
Evaluate 112 - (-3 + 11 - -8).
96
Evaluate -23 - (63 + -30) - (-7 + -1).
-48
What is 59 + 21 + -98 + 4?
-14
Evaluate -7 + 4 + -1 + 20 - (-133 - -128).
21
Calculate 2 + (-22 - 7) + 1 + -51 + 48.
-29
Calculate (-15 - (118 - -2 - 14)) + (-2 - (-11 + -2)).
-110
Calculate -58 + 49 + 5 + 2 + -11 - (0 - -2).
-15
-10 + 10 + 6 + (27 - 11 - 165)
-143
58 + -28 + -64 + 68
34
64 + -1 - ((29 - 44 - (-46 - 2)) + -21)
51
Calculate (188 - 150 - ((0 - -2) + -5 + 4)) + 5.
42
Calculate 15 + 24 + -3 + 26 + -22.
40
(35 - -1 - (56 - 57)) + -67 + 53 + -9
14
What is -13 - -5 - (-11 - 10 - (-3 + -4 + 8))?
14
(3 + -2 - -2) + ((-26 - -26) + 28 - 67)
-36
Evaluate 201 + (-128 - -49) + -153.
-31
Calculate ((38 - 60) + -1 + 4 - -8) + -24.
-35
(223 - 78 - 41) + -99
5
-5 + 3 + 39 + (-74 - -50)
13
Evaluate -57 + 59 + (1 - -5) - (-7 - -12 - -22).
-19
What is -13 + 49 - (13 - 0) - 42?
-19
(1951 - 1997) + (-2 - 35) - (0 + 0 - -8)
-91
Evaluate -2 + (2 - 1) + 48 + (-11036 - -11039).
50
Evaluate -2 - ((2 - -7) + -80).
69
What is the value of (0 - 11) + -8 + (7 - 1) + 6?
-7
What is the value of 36 + ((-11 - (-6 - 2)) + -6 - -14)?
41
Calculate -10 + 11 + -2 - 6 - (5 - (7 + -2)).
-7
-12 + 0 + (-144 + 11 + 1 - -18 - -16)
-110
(9 - (-6 + 9) - 0) + 52
58
What is 124 - ((-263 - -288) + -3 + 18)?
84
What is the value of 50 + -82 + (2 + 64 - 10)?
24
What is the value of 23 + (19 - 31) - -3 - -53?
67
Evaluate 2 - 12 - (-5 - 7) - 2 - (0 + -1).
1
What is (-78 - 33) + -10 + (-1 - -26)?
-96
What is 82 - (-1 + -1 - (34 + (2 - 12 - 20)))?
88
What is (202 - 197) + -65 - (-1 - -30)?
-89
Evaluate -23 + 62 - 2 - (1 - -7).
29
What is -14 + (110 - (54 + 90))?
-48
(167 - 86) + -67 + -51
-37
(-2 - -9) + (22 - (-6 + 38))
-3
Evaluate -17 + 2 + 4 - (-14 + 5 + 2 + -34).
30
What is the value of -14 - (-60 + (39 - -75))?
-68
Calculate (-53 - (36 + -27)) + -1 + 1 + 2.
-60
Calculate 0 - ((3 + -19 - -4) + 2 + 6 + 59).
-55
Calculate -21 + -64 + (66 - -76).
57
Evaluate 238 + -189 + (-114 - -13).
-52
What is -6 - (3 + -1 - (9 + -18 + -33)) - 5?
-55
(3 - -18) + -43 + 122 + -35
65
Evaluate 101 - (33 - (-51 - -26)).
43
What is the value of 27 + (-27 - -49) + 107 - 31?
125
What is 5 + (-4 - 0) + -6 - (86 + -15 + -13)?
-63
Evaluate 18 + -16 + 2 + -1 + (-115 - (-14 + -11)).
-87
What is the value of 12 + (-14 - -13 - 15) - -1 - -4?
1
What is the value of 26 + (-8 - ((13 - -9) + -52 + 46))?
2
Evaluate 27 - (17 + 4 + -1 - (-137 + 148)).
18
Evaluate 23 + (-9 + (-2 - (13 - 17)) - 4) - 80.
-68
Evaluate (115 - (236 - 106)) + -24 + 0.
-39
Calculate 61 + -146 + 76 - (-34 + -3).
28
Calculate -1 + -9 + 10 + -4 + 0 + 2.
-2
Evaluate -2 - 1 - (-62 - (-100 + 26) - (0 - 56)).
-71
Calculate 47 + 55 + -83 + (0 - 32).
-13
-2 + 4 + 31 - (-479 - -471) - -3
44
-10 - (19 - ((-42 - 11) + -4))
-86
Calculate 36 + -58 - -119 - 184.
-87
Evaluate (15 + -13 - 8) + 12 + -13 + -65.
-72
Calculate 127 - 50 - (1 + 8) - (1 - (-5 + -6)).
56
Evaluate 32 + (-11 - -52) + -6 + 34.
101
Evaluate 29 + 43 + -76 + 60.
56
What is the value of (12 + -3 - (46 - 38)) + 9 + -57?
-47
Calculate 8 - (0 + -5 + 2) - (-277 + 327).
-39
Evaluate 233 + -199 - (21 + -12).
25
Calculate 61 - ((0 - -5 - ((1 - -40) + -22)) + 6).
69
Calculate 84 + -46 + 44 + (-8 - 5) + 0 + -6.
63
What is 11 + (-2 - 10) + -7 - (-2 + -9) - -21?
24
Calculate 20 + 0 + 0 + (-2421 - -2436).
35
What is the value of 3 + 7 + (-30 - (-9 - -39))?
-50
What is the value of 21 + -20 + -24 + -15?
-38
Calculate (66 - (2 + 63)) + -2 + 38.
37
What is the value of 373 - 350 - (5 - -35)?
-17
What is 50 - (102 - (50 - 43))?
-45
What is the value of 72 + (34 + -20 + -3 - (-12 + 6))?
89
What is 818 + -767 + (-56 - -2)?
-3
-524 + 453 - (0 - -1 - (0 + (-23 - -12)))
-83
Calculate (33 - 38) + 52 - 25.
22
-13 - 16 - (7 - 34) - (-36 - 1)
35
Evaluate -20 + (23 - (-2 - -4)) - 0.
1
What is the value of 6 + 3 + -14 + 4 + -12 + 3?
-10
What is 49 + -10 - (106 + -70)?
3
Evaluate 2784 + -2701 + (-25 - 1).
57
What is 134 - (-4 + -11 + -282 + 320)?
111
Evaluate -63 - (-5 + -8 + 16 + -10).
-56
Calculate 9 - (-2 - (-1 + (-7 - -1) - (9 + -17))).
12
Calculate -1270 + 1237 - ((5 - 2) + -135).
99
What is the value of 1316 + -1339 + (-4 + 8 - (-9 - 84))?
74
What is 17 + 0 + 51 + -158 + 56?
-34
What is -57 + (-34 - (-18 + -104))?
31
-55 - -87 - (-1 - -53)
-20
What is 1 + (-4 - (15 + -1 - (-78 + 84)))?
-11
What is the value of 1 - 17 - ((-21 - 18) + -23 + 38)?
8
Evaluate (8 - (13 + (-11 - 13) + 22)) + -5.
-8
33 + 44 + -39 + 6 - ((1 - 0) + -2)
45
(-11 - 4) + 2 - (23 - -25)
-61
Evaluate -7 + -42 + 12 + 32 - (0 - 54 - 1).
50
What is the value of 75 - (-40 - (-67 + -12))?
36
Evaluate -19 + -1 + (-23 - (-84 - -44)) - (-2 + -46).
45
What is the value of (0 - ((11 - -35) + -35)) + -1 + -13?
-25
Calculate (-67 - -8 - ((-4 - 1) + 4)) + 2 + 4.
-52
Calculate 133 + -39 - (13 + -5 + (2 + -9 - -11)).
82
Evaluate 26 + (-23 - 4) + (6 + -25 - 1).
-21
What is the value of -150 - (-15 + 11) - (-93 + 92)?
-145
Calculate -38 + (2 - (-2 - (-12 + 5))) - (-154 - -161).
-48
What is (1 - 83) + 5539 + -5467?
-10
Calculate 42 + (22 - -27) + -49.
42
What is (-2 - 5) + -8 - -1 - (-16 - -28)?
-26
-9 + (21 - (-25 - -15)) + 1
23
Evaluate (1 - -33) + (-42 - -32) + (-14 - -13).
23
What is the value of 10 + 1155 + -1157 + (-1 - (-27 + -1)) - 1?
34
Calculate (17 - (-10 - -55)) + -23.
-51
Evaluate 1 + 10 - (31 + -65 - (-2 + -15)).
28
What is the value of 8 + -13 + (105 - -40) + -24?
116
What is (-53 - (-89 - -52)) + 18?
2
Evaluate (8 - 39) + (-13 - (-1 + -3)) + 2 + -1.
-39
(6 - (-28 + (23 - 8))) + -73
-54
(-11 - (11 + -31 + -17)) + 1 + 11 + -3
35
Calculate (-124 - -7) + 11 + (221 - 208).
-93
What is 32 - ((-10 - -8 - -34) + -23)?
23
(-82 + -62 - -76) + 90
22
Calculate (-1 - 14 - 1) + (-181 - -320 - 162).
-39
What is -29 + -1 - (267 + -165 + -217)?
85
What is the value of 1696 + -1581 - (3 + 112)?
0
Calculate (-40 - 78) + 373 + -122.
133
What is -12 - (-15 + 6) - (5 - (-1 - -3) - -3)?
-9
What is 7 - (-6 - ((-35 - -36) + 4 + (-7 - -2)))?
13
What is (-4 - (3 - 0)) + (14 - 24) + -31?
-48
Evaluate 10 - (-8 - (-10 + 31)) - 147.
-108
What is the value of -187 + 239 - (-51 - -7)?
96
What is the value of 26 + -3 - (1234 + -1222)?
11
What is -15 - -21 - (12 - -7) - -55?
42
Evaluate (309 - 297) + -6 + -69.
-63
Calculate 27912 + -27950 + -1 + -37.
-76
Calculate (-31 - -30) + 28 + -16 + 14.
25
Evaluate 100 - (20 - (35 + (11 - 11))).
115
-1 + -18 + -4016 + 4033
-2
What is (-73 - -168 - 92) + (29 - 1)?
31
-16 + (90 - (112 + -20))
-18
What is the value of (2 - 2) + -26 - (18192 - 18137)?
-81
What is the value of 8 + (-10 - 36) - (-6 + 22 + -27 + 7)?
-34
What is -85